6 = i*w. List the prime factors of w.
353
Let w = 9 + 69. Let r = w - 6. What are the prime factors of r?
2, 3
Let u(t) = -1561*t + 229. List the prime factors of u(-2).
3, 1117
Let f be ((-12)/7)/((-2)/14). Let n(k) = 3*k**2 - 8*k - 5 + 12*k - 12 + f*k. What are the prime factors of n(-9)?
2, 41
Let t(a) = -a**3 - 10*a**2 - 4*a + 10. Let h be t(-9). List the prime factors of (17178/h)/((-4)/10).
3, 409
Suppose -48*b + 25941 = -46*b - 5*r, -2*r = -5*b + 64884. List the prime factors of b.
2, 3, 7, 103
Let g(t) be the second derivative of -5*t**4/12 + 10*t**3/3 + t**2/2 + 32*t. Let n be g(4). List the prime factors of -120*(5/(-3) + n).
2, 5
Suppose j + 33*o - 36*o - 10 = 0, -4*j + 40 = 5*o. Suppose 4*b + 0*y - 5589 = -3*y, -3*b + 2*y = -4179. List the prime factors of ((-1)/2 - 0) + b/j.
139
What are the prime factors of 44/(-24) + 2 + (-123)/(-18) + 4458?
5, 19, 47
Suppose -g = -315 + 116. Let t = g + -23. List the prime factors of t.
2, 11
Suppose -w = -h - 841, 5*h + 1697 = 3*h - 3*w. Let f be (-4)/(-8)*h/(-2 + 0). Suppose -5*g = -f - 334. List the prime factors of g.
109
List the prime factors of 496048/(-392)*(-9 + 2).
2, 43, 103
Let t = 93 + -86. Suppose 4*m - 4*j - 96 = 0, -t*m = -3*m + 2*j - 114. Suppose -p = i - 9, m = -3*i + 4*i - 5*p. What are the prime factors of i?
2, 3
Let d(j) = 506*j**2 + 155*j + 452. List the prime factors of d(-3).
19, 239
Suppose -212430 = -23*r + 1489386. List the prime factors of r.
2, 3, 3083
Let h = 213 + -208. Suppose 5*x - 4*x + 2009 = 5*c, 0 = h*c + 4*x - 2014. List the prime factors of c.
2, 3, 67
Suppose 16*i - 36 = 4*i. Suppose -i*d + 1566 = -2*q, -2*q = 4*d + 2*q - 2088. List the prime factors of d.
2, 3, 29
Suppose -17*i = i - 18360. Suppose 5*s + 0*l - i = -5*l, -s + 5*l + 180 = 0. What are the prime factors of s?
2, 5
What are the prime factors of 1559696/128 - 3/24?
5, 2437
Let j = 233 - 233. Let u(m) be the first derivative of m**4/4 - 2*m**3/3 - m**2 + 126*m + 1. List the prime factors of u(j).
2, 3, 7
Let z be 22/(-231) + 1833/63. List the prime factors of 460/(-46)*z/(-2).
5, 29
Suppose 0 = -q + 4*q - 0*q. Suppose 16*m - 558 - 1458 = q. List the prime factors of m.
2, 3, 7
Let t(i) = i**3 + 15*i**2 + 16*i - 27. Let q be t(-12). Let h = q + -42. List the prime factors of h.
3, 19
Let b(n) = 8778*n + 102. What are the prime factors of b(6)?
2, 3, 5, 1759
Let i(c) = 55*c + 752. List the prime factors of i(24).
2, 7, 37
What are the prime factors of ((-40)/15)/(36/(-11853))?
2, 439
Let g(b) = -b**3 - 9*b**2 - b - 11. Let p be g(-9). Let v(d) = 2*d**3 + 5*d**2 + 3*d + 5. Let w be v(p). Suppose -6 = w*l - 5*l. List the prime factors of l.
3
Let d be (-26)/(-10) - (-12)/(-20). Suppose -d*z - 4*s = -4, -8*z + 4*z = 5*s - 11. Suppose z*f - f = 4*y - 456, -3*f = 2*y - 210. List the prime factors of y.
3, 37
Let c(x) be the third derivative of 5*x**4/24 + 7*x**3/2 + x**2. Suppose 2*j = 5 + 5. List the prime factors of c(j).
2, 23
Let a = -137872 - -194203. List the prime factors of a.
3, 11, 569
Let y be (0 + -2)/((15/12)/(-5)). Suppose 960 = y*x - 32. Suppose x = -f + 5*f. List the prime factors of f.
31
Suppose 28*h + 12 = 24*h, -5*h = -4*u + 66711. What are the prime factors of u?
2, 3, 7, 397
Let t = -23 + 29. Suppose t*y + 30 = y. List the prime factors of (3/9)/(y/(-2124)).
2, 59
Let i = -13895 - -21802. List the prime factors of i.
7907
Suppose -2*i + 516 = t, 9*i + 3*t = 12*i - 756. Let j = 1147 - i. List the prime factors of j.
3, 11
Let f = -507 - -1323. Suppose 7*u - f - 962 = 0. What are the prime factors of u?
2, 127
Suppose 30*d = 19*d - 715. Let k = d - -198. List the prime factors of k.
7, 19
Let c be (-4 - (-48)/9)*3. Suppose 0 = -3*m - c*q + 66, 2*q - 4*q = 3*m - 66. Suppose 3*b - 2*b = m. What are the prime factors of b?
2, 11
List the prime factors of (690 - 3)*(18 - (-100)/(-15)).
2, 17, 229
Let c(b) = -9589*b + 2118. List the prime factors of c(-3).
3, 5, 29, 71
Let r(x) = 2*x**2 - 12*x - 25. Let a(q) = -q**2 - 9*q - 5. Let b be a(-4). What are the prime factors of r(b)?
5, 7
Let g(z) = -z**2 + 7*z - 7. Let j be g(5). Suppose 16*x - 17*x + 296 = j*q, -2*q = 5*x - 1519. What are the prime factors of x?
5, 61
Suppose 2*k + 35 = 7*k. Let v = 10 - k. Suppose 3*l = -6, -v*q - 2*l = -l - 313. What are the prime factors of q?
3, 5, 7
Let c(t) = 22*t**2 - 2*t - 14. Let v be c(4). Suppose -5*f - 340 + v = 0. What are the prime factors of ((-80)/(-24))/(f/(-186))?
2, 5, 31
Let j be (-55 - (-5 + 0))/(1*-1). Suppose 0 = -5*g - a - 4*a + j, 2*a + 10 = 3*g. Suppose -g*y + 0*y = -366. What are the prime factors of y?
61
Suppose 0 = 4*b - 8*b - 5*x + 3779, -5*b + 5*x = -4690. Let s = -501 + b. What are the prime factors of s?
2, 5, 11
Let a(f) = -f**3 - 12*f**2 - 12*f - 6. Let b be a(-11). Let j = -10 + b. What are the prime factors of (-21)/j - (-16)/(-80)?
2
Let y(r) = 678*r - 167. List the prime factors of y(11).
23, 317
Suppose 3*g + 11 = 5*g - 3*w, -5*w - 23 = -4*g. Let y = 9 - g. What are the prime factors of (-3 + 35/y)/(1/12)?
2, 3, 29
Suppose 14*v + 0*v + 4144 = 0. Let h = -482 - v. Let z = -88 - h. List the prime factors of z.
2, 7
Suppose -5*y - 3*o - 22 = 0, 3*o + o + 11 = -3*y. Let s(m) = -12*m + 10. Let h(g) = 4*g - 1. Let b(w) = -3*h(w) + s(w). What are the prime factors of b(y)?
7, 19
Let l(t) = 794*t**3 + 3*t**2 - 3*t + 1. Let b be l(1). Suppose -3*n + r + 470 = 0, -5*n - 3*r = -7*r - b. Suppose 3*a = 181 + n. List the prime factors of a.
2, 7
Suppose -198981 = -58*y + 39*y + 951792. List the prime factors of y.
3, 13, 1553
Let q = -111965 - -171666. What are the prime factors of q?
227, 263
Let h(b) = 6*b**2 - 26*b - 31. Let w(o) = 6*o**2 + 17*o - 10 + 31 - 10*o**2. Let a(y) = -5*h(y) - 8*w(y). What are the prime factors of a(-5)?
67
Let h(o) = 57*o - 192. Suppose -30 = -2*i + 4*s, 8*s + 80 = 5*i + 3*s. List the prime factors of h(i).
3, 7, 37
List the prime factors of 19/(437/575) - -60099.
2, 15031
Suppose -23826 - 42569 = -7*g. What are the prime factors of g?
5, 7, 271
Suppose 3*j + 5*h - 3432 = 0, 5*j - 77*h = -76*h + 5720. Let q = j + -283. List the prime factors of q.
3, 7, 41
Let x be 34*(-6 - (-141)/(-6)). Let t = 1404 + x. What are the prime factors of t?
401
Let l be (56/12 + (-1)/(-3))/(-1). Let z be (6/l)/(3/(-10)) - 0. Let q = z - -38. List the prime factors of q.
2, 3, 7
Suppose 3*q = -2*d - 0 + 62, -q = -2*d - 18. Suppose -g = -2*b + 2, -7*g + q = -2*g. Suppose 230 = b*a - 52. List the prime factors of a.
2, 47
Let q = -39 + 39. Suppose q = -g + 20. List the prime factors of -1*(-278)/5 + (-12)/g.
5, 11
What are the prime factors of 273050/10 - 3 - 13?
29, 941
Let q(y) = 12677*y**3 + 4*y**2 + 4*y - 4. List the prime factors of q(1).
3, 1409
Suppose -813*s = -815*s + 2360. List the prime factors of s.
2, 5, 59
List the prime factors of 5 + 447*(0 - -11).
2, 23, 107
Let i(s) = s**3 - 179*s**2 + 522*s + 625. List the prime factors of i(177).
97, 313
What are the prime factors of 8139 + 0 - 0/3?
3, 2713
Let f = -209 - -112. Suppose -6*j - 46 = 1940. Let y = f - j. List the prime factors of y.
2, 3, 13
Let u(m) = -994*m + 1612. List the prime factors of u(-6).
2, 947
Let d be 1 + 0 + (11 + -4 - 8). Suppose d = 29*w - 22*w - 2464. List the prime factors of w.
2, 11
Let f(c) = 10*c**2 + 120*c + 8. List the prime factors of f(6).
2, 17
Suppose 4*k - 2470 = -2*g, 3*g + g = -4*k + 2468. Suppose -5*y = 3*f - 1480, 2*y - k = -f + 5*f. What are the prime factors of y?
13, 23
List the prime factors of ((4*-125)/(-1))/(12*(-8)/(-2064)).
2, 5, 43
Suppose -10*d - 7592 = -20*d + 3858. What are the prime factors of d?
5, 229
Suppose 0 = -56*n + 50*n - 270. Let l be 4/16 + n/(-12) - -211. What are the prime factors of (l - 1) + 1 + -4?
211
Suppose -12 = -0*d + 4*d + 4*m, 3*m + 9 = 2*d. Suppose 8*y - 3*y + 285 = d. Let u = 109 + y. List the prime factors of u.
2, 13
Suppose 2*x - 24 = -3*x + 3*w, -5*x + w + 28 = 0. Let l(d) = 15*d**2 - 56*d + 5. List the prime factors of l(x).
11, 19
Let m be (-7 - -3) + 20 - (2 - 1). Let j(g) = -g**3 + 17*g**2 - 3*g + 19. List the prime factors of j(m).
2, 53
Let u(r) = r + 38. Let a be u(15). List the prime factors of (-1717)/(-4) - a/212.
3, 11, 13
Suppose o + g = 13222 - 4993, 41146 = 5*o + 4*g. What are the prime factors of o?
2, 5, 823
L